{"id":38,"date":"2025-12-01T13:15:40","date_gmt":"2025-12-01T12:15:40","guid":{"rendered":"https:\/\/mediaworld.uefa.sz-ybbs.ac.at\/?page_id=38"},"modified":"2026-01-14T14:13:16","modified_gmt":"2026-01-14T13:13:16","slug":"zubehoer","status":"publish","type":"page","link":"https:\/\/mediaworld.uefa.sz-ybbs.ac.at\/?page_id=38","title":{"rendered":"Zubeh\u00f6r"},"content":{"rendered":"\n<div class=\"wp-block-media-text is-stacked-on-mobile has-border-color has-cyan-bluish-gray-border-color has-background\" style=\"border-width:1px;border-radius:5px;background-color:#fbfbfb;grid-template-columns:49% auto\"><figure class=\"wp-block-media-text__media\"><img loading=\"lazy\" decoding=\"async\" width=\"289\" height=\"132\" src=\"https:\/\/mediaworld.uefa.sz-ybbs.ac.at\/wp-content\/uploads\/2026\/01\/Bild15.png\" alt=\"\" class=\"wp-image-251 size-full\"\/><\/figure><div class=\"wp-block-media-text__content\">\n<p>Marshall Emberton II Bluetooth Black &amp; Brass &nbsp;<\/p>\n\n\n\n<p><strong>Legend\u00e4rer Sound<\/strong><\/p>\n\n\n\n<p>\u2022 bis zu 30 Stunden Spieldauer<br>\u2022 stra\u00dfentaugliches Design<br>\u2022 nachhaltiger Ansatz<br>\u2022 Stack-Modus<\/p>\n<\/div><\/div>\n\n\n\n<div class=\"wp-block-media-text is-stacked-on-mobile has-border-color has-cyan-bluish-gray-border-color has-background\" style=\"border-width:1px;border-radius:5px;background-color:#fbfbfb;grid-template-columns:49% auto\"><figure class=\"wp-block-media-text__media\"><img loading=\"lazy\" decoding=\"async\" width=\"320\" height=\"602\" src=\"https:\/\/mediaworld.uefa.sz-ybbs.ac.at\/wp-content\/uploads\/2026\/01\/Bild16.jpg\" alt=\"\" class=\"wp-image-253 size-full\" srcset=\"https:\/\/mediaworld.uefa.sz-ybbs.ac.at\/wp-content\/uploads\/2026\/01\/Bild16.jpg 320w, https:\/\/mediaworld.uefa.sz-ybbs.ac.at\/wp-content\/uploads\/2026\/01\/Bild16-159x300.jpg 159w\" sizes=\"auto, (max-width: 320px) 100vw, 320px\" \/><\/figure><div class=\"wp-block-media-text__content\">\n<p>Woodcessories Clear Case iPhone 14 schwarz<\/p>\n\n\n\n<p><strong><strong>Besser als jede Plastikh\u00fclle<\/strong><\/strong><br>\u2022 Bio-Material<br>\u2022 Upcycling-Case aus Pflanzenst\u00e4rke &amp; Weizen<br>\u2022 Aufprallschutz mit Sto\u00dfd\u00e4mpfung<br>\u2022 Oberfl\u00e4chenf\u00e4rbung: monochromatisch<\/p>\n<\/div><\/div>\n\n\n\n<div class=\"wp-block-media-text is-stacked-on-mobile has-border-color has-cyan-bluish-gray-border-color has-background\" style=\"border-width:1px;border-radius:5px;background-color:#fbfbfb;grid-template-columns:49% auto\"><figure class=\"wp-block-media-text__media\"><img loading=\"lazy\" decoding=\"async\" width=\"526\" height=\"542\" src=\"https:\/\/mediaworld.uefa.sz-ybbs.ac.at\/wp-content\/uploads\/2026\/01\/Bild17.png\" alt=\"\" class=\"wp-image-255 size-full\" srcset=\"https:\/\/mediaworld.uefa.sz-ybbs.ac.at\/wp-content\/uploads\/2026\/01\/Bild17.png 526w, https:\/\/mediaworld.uefa.sz-ybbs.ac.at\/wp-content\/uploads\/2026\/01\/Bild17-291x300.png 291w\" sizes=\"auto, (max-width: 526px) 100vw, 526px\" \/><\/figure><div class=\"wp-block-media-text__content\">\n<p>Apple AirPods Max silver mitternacht<\/p>\n\n\n\n<p><strong>Das ultimative pers\u00f6nliche Over-Ear H\u00f6rerlebnis<\/strong><\/p>\n\n\n\n<p>\u2022 aktive Ger\u00e4uschunterdr\u00fcckung f\u00fcr immersiven Klang<br>\u2022 20 Stunden Musik- und Filmwiedergabe<br>\u2022 3D Audio<br>\u2022 On\u2011Head Erkennung<\/p>\n\n\n\n<div class=\"wp-block-buttons is-layout-flex wp-block-buttons-is-layout-flex\">\n<div class=\"wp-block-button\"><a class=\"wp-block-button__link has-pale-cyan-blue-background-color has-background wp-element-button\" style=\"padding-top:var(--wp--preset--spacing--20);padding-right:var(--wp--preset--spacing--20);padding-bottom:var(--wp--preset--spacing--20);padding-left:var(--wp--preset--spacing--20)\">View More<\/a><\/div>\n<\/div>\n<\/div><\/div>\n\n\n\n<div class=\"wp-block-media-text is-stacked-on-mobile has-border-color has-cyan-bluish-gray-border-color has-background\" style=\"border-width:1px;border-radius:5px;background-color:#fbfbfb;grid-template-columns:49% auto\"><figure class=\"wp-block-media-text__media\"><img loading=\"lazy\" decoding=\"async\" width=\"891\" height=\"890\" src=\"https:\/\/mediaworld.uefa.sz-ybbs.ac.at\/wp-content\/uploads\/2026\/01\/Bild18.jpg\" alt=\"\" class=\"wp-image-256 size-full\" srcset=\"https:\/\/mediaworld.uefa.sz-ybbs.ac.at\/wp-content\/uploads\/2026\/01\/Bild18.jpg 891w, https:\/\/mediaworld.uefa.sz-ybbs.ac.at\/wp-content\/uploads\/2026\/01\/Bild18-300x300.jpg 300w, https:\/\/mediaworld.uefa.sz-ybbs.ac.at\/wp-content\/uploads\/2026\/01\/Bild18-150x150.jpg 150w, https:\/\/mediaworld.uefa.sz-ybbs.ac.at\/wp-content\/uploads\/2026\/01\/Bild18-768x767.jpg 768w\" sizes=\"auto, (max-width: 891px) 100vw, 891px\" \/><\/figure><div class=\"wp-block-media-text__content\">\n<p>Schutzglas EyeCare Apple iPhone 16 Pro<\/p>\n\n\n\n<p><strong><strong>kratz-, sto\u00df- und fallfest? Ja!<\/strong><\/strong><br>\u2022 Schutz von Augen und Handy<br>\u2022 aus 100 % recyceltem Plastik<br>\u2022 Ultra-Wide Fit<br>\u2022 Schritt-f\u00fcr-Schritt-Anleitung<\/p>\n\n\n\n<div class=\"wp-block-buttons is-layout-flex wp-block-buttons-is-layout-flex\">\n<div class=\"wp-block-button\"><a class=\"wp-block-button__link has-pale-cyan-blue-background-color has-background wp-element-button\" style=\"padding-top:var(--wp--preset--spacing--20);padding-right:var(--wp--preset--spacing--20);padding-bottom:var(--wp--preset--spacing--20);padding-left:var(--wp--preset--spacing--20)\">View More<\/a><\/div>\n<\/div>\n<\/div><\/div>\n\n\n\n<div class=\"wp-block-media-text is-stacked-on-mobile has-border-color has-cyan-bluish-gray-border-color has-background\" style=\"border-width:1px;border-radius:5px;background-color:#fbfbfb;grid-template-columns:49% auto\"><figure class=\"wp-block-media-text__media\"><img loading=\"lazy\" decoding=\"async\" width=\"228\" height=\"139\" src=\"https:\/\/mediaworld.uefa.sz-ybbs.ac.at\/wp-content\/uploads\/2026\/01\/Bild20.png\" alt=\"\" class=\"wp-image-259 size-full\"\/><\/figure><div class=\"wp-block-media-text__content\">\n<p>Hama Laptoptasche Sleeve Terra bis 34cm\/13,3&#8243; natur<\/p>\n\n\n\n<p><strong><strong>Gepolstertes Laptopfach f\u00fcr zuverl\u00e4ssigen Schutz beim Transport<\/strong><\/strong><br>\u2022 100% aus recyceltem Polyester<br>\u2022 modisches Laptop-Sleeve<br>\u2022 wasserabweisend<br><\/p>\n\n\n\n<div class=\"wp-block-buttons is-layout-flex wp-block-buttons-is-layout-flex\">\n<div class=\"wp-block-button\"><a class=\"wp-block-button__link has-pale-cyan-blue-background-color has-background wp-element-button\" style=\"padding-top:var(--wp--preset--spacing--20);padding-right:var(--wp--preset--spacing--20);padding-bottom:var(--wp--preset--spacing--20);padding-left:var(--wp--preset--spacing--20)\">View More<\/a><\/div>\n<\/div>\n<\/div><\/div>\n\n\n\n<p><\/p>\n","protected":false},"excerpt":{"rendered":"<p>Marshall Emberton II Bluetooth Black &amp; Brass &nbsp; Legend\u00e4rer Sound \u2022 bis zu 30 Stunden Spieldauer\u2022 stra\u00dfentaugliches Design\u2022 nachhaltiger Ansatz\u2022 Stack-Modus Woodcessories Clear Case iPhone 14 schwarz Besser als jede Plastikh\u00fclle\u2022 Bio-Material\u2022 Upcycling-Case aus Pflanzenst\u00e4rke &amp; Weizen\u2022 Aufprallschutz mit Sto\u00dfd\u00e4mpfung\u2022 Oberfl\u00e4chenf\u00e4rbung: monochromatisch<\/p>\n","protected":false},"author":1,"featured_media":0,"parent":0,"menu_order":0,"comment_status":"closed","ping_status":"closed","template":"","meta":{"_themeisle_gutenberg_block_has_review":false,"footnotes":""},"class_list":["post-38","page","type-page","status-publish","hentry"],"_links":{"self":[{"href":"https:\/\/mediaworld.uefa.sz-ybbs.ac.at\/index.php?rest_route=\/wp\/v2\/pages\/38","targetHints":{"allow":["GET"]}}],"collection":[{"href":"https:\/\/mediaworld.uefa.sz-ybbs.ac.at\/index.php?rest_route=\/wp\/v2\/pages"}],"about":[{"href":"https:\/\/mediaworld.uefa.sz-ybbs.ac.at\/index.php?rest_route=\/wp\/v2\/types\/page"}],"author":[{"embeddable":true,"href":"https:\/\/mediaworld.uefa.sz-ybbs.ac.at\/index.php?rest_route=\/wp\/v2\/users\/1"}],"replies":[{"embeddable":true,"href":"https:\/\/mediaworld.uefa.sz-ybbs.ac.at\/index.php?rest_route=%2Fwp%2Fv2%2Fcomments&post=38"}],"version-history":[{"count":5,"href":"https:\/\/mediaworld.uefa.sz-ybbs.ac.at\/index.php?rest_route=\/wp\/v2\/pages\/38\/revisions"}],"predecessor-version":[{"id":266,"href":"https:\/\/mediaworld.uefa.sz-ybbs.ac.at\/index.php?rest_route=\/wp\/v2\/pages\/38\/revisions\/266"}],"wp:attachment":[{"href":"https:\/\/mediaworld.uefa.sz-ybbs.ac.at\/index.php?rest_route=%2Fwp%2Fv2%2Fmedia&parent=38"}],"curies":[{"name":"wp","href":"https:\/\/api.w.org\/{rel}","templated":true}]}}