{"id":56,"date":"2025-12-01T13:17:55","date_gmt":"2025-12-01T12:17:55","guid":{"rendered":"https:\/\/mediaworld.uefa.sz-ybbs.ac.at\/?page_id=56"},"modified":"2026-01-21T14:45:18","modified_gmt":"2026-01-21T13:45:18","slug":"impressum","status":"publish","type":"page","link":"https:\/\/mediaworld.uefa.sz-ybbs.ac.at\/?page_id=56","title":{"rendered":"Impressum"},"content":{"rendered":"\n<p><strong>Impressum<\/strong><\/p>\n\n\n\n<p><strong>\u00dcBUNGSFIRMA DES SCHULZENTRUMS YBBS<\/strong><\/p>\n\n\n\n<p><strong><br><\/strong><strong>Informationspflicht laut \u00a7 5 E-Commerce Gesetz, \u00a7 14 Unternehmensgesetzbuch, \u00a7 63 Gewerbeordnung und Offenlegungspflicht laut \u00a7 25 Mediengesetz.<\/strong><\/p>\n\n\n\n<p><strong><br><\/strong><strong>Unternehmensgegenstand<\/strong><\/p>\n\n\n\n<p>Handel mit elektronischen Produkten<\/p>\n\n\n\n<p>MEDIA WORLD Handels GmbH<br><strong>Rechtsform:<\/strong>&nbsp;Gesellschaft mit beschr\u00e4nkter Haftung<br><\/p>\n\n\n\n<p><strong>Firmensitz:<\/strong>&nbsp;Schulring 1,&nbsp;3370 Ybbs an der Donau<\/p>\n\n\n\n<p><strong>E-Mail:<\/strong>&nbsp;mediaworld1057@uebungsfirmen.at<\/p>\n\n\n\n<p><strong>Tel:<\/strong>&nbsp; +43 7412 52575-31<\/p>\n\n\n\n<p><strong>Fax:<\/strong>\u00a0+43 7412 52575-16<\/p>\n\n\n\n<p><strong>FB-Nummer:<\/strong>\u00a01057<\/p>\n\n\n\n<p><strong>Gerichtsstand:<\/strong>&nbsp;ACT Gericht Wien<\/p>\n\n\n\n<p><strong>Intern. Firmencode: <\/strong>AT010001057<\/p>\n\n\n\n<p><strong>UID-Nummer:<\/strong>&nbsp;ATU50105700<\/p>\n\n\n\n<p><strong>Arbeitszeiten:<\/strong>&nbsp;Mi, 13:35 \u2013 16:05 Uhr<br><strong>Gesch\u00e4ftsf\u00fchrer:<\/strong>&nbsp;Mag. Christa Prichenfried, Mag. Andrea Siebeneicher<\/p>\n\n\n\n<p><strong>Kammervertretung: <\/strong>Mitglied der ACT Wirtschaftskammer<\/p>\n\n\n\n<p><strong>Rechtsvorschriften\/ Berufsrecht:<\/strong> Gewerbeordnung www.ris.bka.gv.at<\/p>\n\n\n\n<p><strong>Aufsichtsbeh\u00f6rde\/ Gewerbebeh\u00f6rde: <\/strong>ACT Gewerbebeh\u00f6rde<\/p>\n\n\n\n<p><strong>Berufsbezeichnung: <\/strong>Handelsbetrieb <\/p>\n\n\n\n<p><strong>Verleihungsstaat:<\/strong> \u00d6sterreich <\/p>\n\n\n\n<hr class=\"wp-block-separator has-alpha-channel-opacity\"\/>\n\n\n\n<p><strong>Rechte<\/strong><\/p>\n\n\n\n<p>Alle Rechte an der Webseite und den Bildern liegen beim Schulzentrum Ybbs. Das Kopieren oder die Verwendung von Fotos oder Textausz\u00fcgen ist nur mit ausdr\u00fccklicher Genehmigung des Schulzentrums gestattet.<\/p>\n\n\n\n<hr class=\"wp-block-separator has-alpha-channel-opacity\"\/>\n\n\n\n<p><strong>Verweise und Links<\/strong><\/p>\n\n\n\n<p>Bei direkten oder indirekten Verweisen auf fremde Webseiten (Hyperlinks), die au\u00dferhalb des Verantwortungsbereiches des Autors liegen, w\u00fcrde eine Haftungsverpflichtung ausschlie\u00dflich in dem Fall in Kraft treten, in dem der Autor von den Inhalten Kenntnis hat und es ihm technisch m\u00f6glich und zumutbar w\u00e4re, die Nutzung im Falle rechtswidriger Inhalte zu verhindern. Der Autor erkl\u00e4rt hiermit ausdr\u00fccklich, das zum Zeitpunkt der Linksetzung keine illegalen Inhalte auf den zu verlinkenden Seiten erkennbar waren. Auf die aktuelle und zuk\u00fcnftige Gestaltung, die Inhalte oder die Urheberschaft der gelinkten\/verkn\u00fcpften Seiten hat der Autor keinerlei Einflu\u00df. Deshalb distanziert er sich hiermit ausdr\u00fccklich von allen Inhalten aller gelinkten\/verkn\u00fcpften Seiten, die nach der Linksetzung ver\u00e4ndert wurden. Diese Feststellung gilt f\u00fcr alle innerhalb des eigenen Internetangebotes gesetzten Links und Verweise sowie f\u00fcr Fremdeintr\u00e4ge in vom Autor eingerichteten G\u00e4steb\u00fcchern, Diskussionsforen, Linkverzeichnissen, Mailinglisten und in allen anderen Formen von Datenbanken, auf deren Inhalt externe Schreibzugriffe m\u00f6glich sind. F\u00fcr illegale, fehlerhafte oder unvollst\u00e4ndige Inhalte und insbesondere f\u00fcr Sch\u00e4den, die aus der Nutzung oder Nichtnutzung solcherart dargebotener Informationen entstehen, haftet allein der Anbieter der Seite, auf welche verwiesen wurde, nicht derjenige, der \u00fcber Links auf die jeweilige Ver\u00f6ffentlichung lediglich verweist.<\/p>\n","protected":false},"excerpt":{"rendered":"<p>Impressum \u00dcBUNGSFIRMA DES SCHULZENTRUMS YBBS Informationspflicht laut \u00a7 5 E-Commerce Gesetz, \u00a7 14 Unternehmensgesetzbuch, \u00a7 63 Gewerbeordnung und Offenlegungspflicht laut \u00a7 25 Mediengesetz. Unternehmensgegenstand Handel mit elektronischen Produkten MEDIA WORLD Handels GmbHRechtsform:&nbsp;Gesellschaft mit beschr\u00e4nkter Haftung Firmensitz:&nbsp;Schulring 1,&nbsp;3370 Ybbs an der Donau E-Mail:&nbsp;mediaworld1057@uebungsfirmen.at Tel:&nbsp; +43 7412 52575-31 Fax:\u00a0+43 7412 52575-16 FB-Nummer:\u00a01057 Gerichtsstand:&nbsp;ACT Gericht Wien Intern. Firmencode: [&hellip;]<\/p>\n","protected":false},"author":1,"featured_media":0,"parent":0,"menu_order":0,"comment_status":"closed","ping_status":"closed","template":"","meta":{"_themeisle_gutenberg_block_has_review":false,"footnotes":""},"class_list":["post-56","page","type-page","status-publish","hentry"],"_links":{"self":[{"href":"https:\/\/mediaworld.uefa.sz-ybbs.ac.at\/index.php?rest_route=\/wp\/v2\/pages\/56","targetHints":{"allow":["GET"]}}],"collection":[{"href":"https:\/\/mediaworld.uefa.sz-ybbs.ac.at\/index.php?rest_route=\/wp\/v2\/pages"}],"about":[{"href":"https:\/\/mediaworld.uefa.sz-ybbs.ac.at\/index.php?rest_route=\/wp\/v2\/types\/page"}],"author":[{"embeddable":true,"href":"https:\/\/mediaworld.uefa.sz-ybbs.ac.at\/index.php?rest_route=\/wp\/v2\/users\/1"}],"replies":[{"embeddable":true,"href":"https:\/\/mediaworld.uefa.sz-ybbs.ac.at\/index.php?rest_route=%2Fwp%2Fv2%2Fcomments&post=56"}],"version-history":[{"count":8,"href":"https:\/\/mediaworld.uefa.sz-ybbs.ac.at\/index.php?rest_route=\/wp\/v2\/pages\/56\/revisions"}],"predecessor-version":[{"id":276,"href":"https:\/\/mediaworld.uefa.sz-ybbs.ac.at\/index.php?rest_route=\/wp\/v2\/pages\/56\/revisions\/276"}],"wp:attachment":[{"href":"https:\/\/mediaworld.uefa.sz-ybbs.ac.at\/index.php?rest_route=%2Fwp%2Fv2%2Fmedia&parent=56"}],"curies":[{"name":"wp","href":"https:\/\/api.w.org\/{rel}","templated":true}]}}