{"id":62,"date":"2025-12-01T13:18:42","date_gmt":"2025-12-01T12:18:42","guid":{"rendered":"https:\/\/mediaworld.uefa.sz-ybbs.ac.at\/?page_id=62"},"modified":"2026-01-21T15:06:04","modified_gmt":"2026-01-21T14:06:04","slug":"datenschutz","status":"publish","type":"page","link":"https:\/\/mediaworld.uefa.sz-ybbs.ac.at\/?page_id=62","title":{"rendered":"Datenschutz"},"content":{"rendered":"\n<p><strong>Datenschutz<\/strong><\/p>\n\n\n\n<p><strong>Datenschutzbestimmungen:<\/strong><br>Die Einhaltung der jeweils geltenden gesetzlichen Bestimmungen zum Datenschutz personenbezogener Daten ist f\u00fcr uns selbstverst\u00e4ndlich. Dazu erfahren Sie in dieser Datenschutzlinie, wie Ihre Daten erhoben und gesch\u00fctzt werden und welche M\u00f6glichkeiten Sie haben, Auskunft \u00fcber die bei uns gespeicherten, personenbezogenen Daten zu erhalten.<\/p>\n\n\n\n<p>Personenbezogene Daten sind Informationen wie Name, Adresse, Postanschrift, Telefonnummer etc. S\u00e4mtliche Informationen, die nicht direkt mit der tats\u00e4chlichen Identit\u00e4t von Web Usern in Verbindung gebracht werden k\u00f6nnen, fallen nicht darunter.<\/p>\n\n\n\n<p>Wir fragen den Nutzer unserer Website bei Bedarf nach Firma, Namen, Vornamen und nach anderen diversen Informationen, wenn der Nutzer einen personalisierten oder interaktiven Dienst benutzt. Wir verwenden diese personenbezogenen Informationen im Falle von Anfragen nur innerhalb des Unternehmens selbst. Die Daten werden nicht an Dritte weitergegeben, es sei denn, dies ist zur Vertragserf\u00fcllung erforderlich. Jedenfalls erfolgt keine Weitergabe von Daten, bevor wir nicht Ihr ausdr\u00fcckliches Einverst\u00e4ndnis dazu eingeholt haben. Wir wissen das Vertrauen zu sch\u00e4tzen, das Sie uns entgegenbringen, und wenden \u00e4u\u00dferste Sorgfalt an, um Ihre pers\u00f6nlichen Angaben zu sch\u00fctzen.<\/p>\n\n\n\n<p>Sie haben jederzeit die M\u00f6glichkeit, Auskunft \u00fcber die zu Ihrer Person gespeicherten Daten, \u00fcber die Herkunft der Daten, die Empf\u00e4nger und \u00fcber den Zweck der Speicherung dieser Daten zu verlangen. Dar\u00fcber hinaus haben Sie nach Ma\u00dfgabe der gesetzlichen Bestimmungen ein Recht auf Berichtigung, Sperrung bzw. L\u00f6schung Ihrer Daten. Kontaktieren Sie uns dazu unter&nbsp;<a href=\"mailto:a_msuesswaren400@uebungsfirmen.at\">mediaworld1057@uebungsfirmen.at<\/a><\/p>\n\n\n\n<p><strong>Haftung:<\/strong><strong><br><\/strong><strong>\u200b<\/strong>Die Nutzung dieser Website erfolgt auf eigene Gefahr und auf eigenes Risiko. Wir \u00fcbernehmen weder Gew\u00e4hr f\u00fcr st\u00e4ndige Verf\u00fcgbarkeit, noch f\u00fcr die ver\u00f6ffentlichten Beitr\u00e4ge, Angebote, Dienstleistungen und Services hinsichtlich Richtigkeit, Vollst\u00e4ndigkeit und Funktionalit\u00e4t. Jegliche Haftung f\u00fcr Sch\u00e4den, die direkt oder indirekt aus der Benutzung dieser Website entstehen, ist ausgeschlossen.<\/p>\n\n\n\n<p>Dieser Dienst wird unter dem Gesichtspunkt gr\u00f6\u00dfter Sorgfalt, Zuverl\u00e4ssigkeit und Verf\u00fcgbarkeit betrieben. Aus technischen Gr\u00fcnden ist es jedoch nicht m\u00f6glich, dass dieser Dienst ohne Unterbrechung zug\u00e4nglich ist, die gew\u00fcnschten Verbindungen immer hergestellt werden k\u00f6nnen oder gespeicherte Daten unter allen Gegebenheiten erhalten bleiben. Die st\u00e4ndige Verf\u00fcgbarkeit aller mit diesem Dienst verbundenen Leistungen kann daher nicht zugesichert werden. Verbindungen zu anderen Netzbetreibern erfolgen nach Ma\u00dfgabe der M\u00f6glichkeiten. Jegliche Haftung f\u00fcr Probleme, deren Ursache in den Netzen Dritter liegt, ist ausgeschlossen. Die Nutzung anderer Netze unterliegt den Bestimmungen der jeweiligen Betreiber. Im Falle von h\u00f6herer Gewalt, Streiks, Einschr\u00e4nkungen der Leistungen anderer Netzbetreiber oder bei Reparatur- und Wartungsarbeiten kann es zu Einschr\u00e4nkungen oder Unterbrechungen kommen, wobei wir f\u00fcr derartige Ausf\u00e4lle nicht haften.<\/p>\n\n\n\n<p>Sollten Inhalte unserer Website gegen geltendes Recht versto\u00dfen, werden diese sofort und unverz\u00fcglich entfernt bzw. auf Wunsch mit entsprechendem Urheberrechtsverweis versehen. Der Betreuer der Website beh\u00e4lt sich das Recht vor, ohne vorherige Ank\u00fcndigung \u00c4nderungen oder Erg\u00e4nzungen der bereitgestellten Informationen vorzunehmen, gegebenfalls auch Informationen zu entfernen.<\/p>\n\n\n\n<p><strong>Copyright:<\/strong><br>Alle Inhalte auf dieser Website sind urheberrechtlich (\u00a9) gesch\u00fctzt. Texte, Bilder, Grafiken, Sounds, Animationen und Videos unterliegen dem Schutz des Urheberrechts. Der Inhalt darf nicht zu kommerziellen Zwecken kopiert, verbreitet, ver\u00e4ndert oder Dritten zug\u00e4nglich gemacht werden. Jede Nutzung, insbesondere die Speicherung in Datenbanken, Vervielf\u00e4ltigung, Verbreitung, Bearbeitung sowie jegliche Form gewerblicher Nutzung sowie die Weitergabe an Dritte, auch in Teilen oder in \u00fcberarbeiteter Form, ist ohne Zustimmung des Urhebers untersagt.<\/p>\n\n\n\n<p><strong>Urheberrechte Bilder:<\/strong><\/p>\n\n\n\n<p>Die Bilder der Produkte des Sortiments stammen von der Homepage der Partnerfirma Hartlauer und k\u00f6nnen daher in Zusammenarbeit mit der Partnerfirma verwendet werden.<\/p>\n\n\n\n<p><strong>Links:<\/strong><br>S\u00e4mtliche Links wurden mit gr\u00f6\u00dfter Sorgfalt zusammengestellt. Wir \u00fcbernehmen jedoch keinerlei Haftung, weder f\u00fcr den Inhalt, die Richtigkeit, Funktionalit\u00e4t und Verf\u00fcgbarkeit der verlinkten Webseiten. Dies gilt auch bei allen anderen direkten oder indirekten Verweisen oder Verlinkungen auf fremde Internetangebote. Links auf unsere Website sind erw\u00fcnscht, wenn sie als externe Links (eigenes Browserfenster) gestaltet sind. Eine \u00dcbernahme des Hauptfensters in einen Frame des Linksetzers ist unzul\u00e4ssig. Sollte eine Website, auf die wir verlinkt haben, rechtswidrige Inhalte enthalten, so bitten wir um Mitteilung, der Link wird dann umgehend entfernt.<\/p>\n","protected":false},"excerpt":{"rendered":"<p>Datenschutz Datenschutzbestimmungen:Die Einhaltung der jeweils geltenden gesetzlichen Bestimmungen zum Datenschutz personenbezogener Daten ist f\u00fcr uns selbstverst\u00e4ndlich. Dazu erfahren Sie in dieser Datenschutzlinie, wie Ihre Daten erhoben und gesch\u00fctzt werden und welche M\u00f6glichkeiten Sie haben, Auskunft \u00fcber die bei uns gespeicherten, personenbezogenen Daten zu erhalten. Personenbezogene Daten sind Informationen wie Name, Adresse, Postanschrift, Telefonnummer etc. S\u00e4mtliche [&hellip;]<\/p>\n","protected":false},"author":1,"featured_media":0,"parent":0,"menu_order":0,"comment_status":"closed","ping_status":"closed","template":"","meta":{"_themeisle_gutenberg_block_has_review":false,"footnotes":""},"class_list":["post-62","page","type-page","status-publish","hentry"],"_links":{"self":[{"href":"https:\/\/mediaworld.uefa.sz-ybbs.ac.at\/index.php?rest_route=\/wp\/v2\/pages\/62","targetHints":{"allow":["GET"]}}],"collection":[{"href":"https:\/\/mediaworld.uefa.sz-ybbs.ac.at\/index.php?rest_route=\/wp\/v2\/pages"}],"about":[{"href":"https:\/\/mediaworld.uefa.sz-ybbs.ac.at\/index.php?rest_route=\/wp\/v2\/types\/page"}],"author":[{"embeddable":true,"href":"https:\/\/mediaworld.uefa.sz-ybbs.ac.at\/index.php?rest_route=\/wp\/v2\/users\/1"}],"replies":[{"embeddable":true,"href":"https:\/\/mediaworld.uefa.sz-ybbs.ac.at\/index.php?rest_route=%2Fwp%2Fv2%2Fcomments&post=62"}],"version-history":[{"count":5,"href":"https:\/\/mediaworld.uefa.sz-ybbs.ac.at\/index.php?rest_route=\/wp\/v2\/pages\/62\/revisions"}],"predecessor-version":[{"id":289,"href":"https:\/\/mediaworld.uefa.sz-ybbs.ac.at\/index.php?rest_route=\/wp\/v2\/pages\/62\/revisions\/289"}],"wp:attachment":[{"href":"https:\/\/mediaworld.uefa.sz-ybbs.ac.at\/index.php?rest_route=%2Fwp%2Fv2%2Fmedia&parent=62"}],"curies":[{"name":"wp","href":"https:\/\/api.w.org\/{rel}","templated":true}]}}